 = n. Is r + 0 - 5 - -16 prime?
False
Suppose -q = -4*q - 3*n + 21, -n = -2*q - 1. Let d = 499 + -496. Suppose 5*a + 5*k = 805, 479 = d*a - q*k + 3*k. Is a a prime number?
False
Suppose 0*y + 4*y - 35 = -3*o, 0 = -4*y + 2*o + 10. Let t(a) = 73*a**2 - 6*a + 4. Is t(y) prime?
False
Let u(d) be the third derivative of -35*d**4/24 + 2*d**3/3 - 15*d**2. Is u(-9) prime?
False
Let d(h) = -149*h - 50. Is d(-9) a prime number?
True
Let s = -497 - -1450. Is s prime?
True
Let y(q) = -131*q - 78. Is y(-9) composite?
True
Let j(k) = -130*k - 17. Let c(g) = -65*g - 8. Let t(v) = 5*c(v) - 3*j(v). Is t(7) composite?
True
Is 1004*8/48*30/4 a prime number?
False
Let r(z) = -z**3 - 5*z**2 + z + 19. Let v be r(-5). Is 464/4*(v/(-8))/(-1) prime?
False
Suppose 9*f = 8*f - 14. Is (3/(12/236))/((-2)/f) a prime number?
False
Suppose 9*g = 18 + 27. Suppose -x = 2*n - 203, 0*x - g*n = -3*x + 587. Is x a composite number?
False
Suppose 355*m - 346*m - 196353 = 0. Is m composite?
False
Suppose 2*q = 4*i + 36 + 36, 53 = -3*i + 2*q. Is 8/(-2) + 225 + i composite?
True
Suppose -3*h - 3*a - 324 = -78, 5*h + 426 = 3*a. Let v = 195 + h. Is v prime?
False
Suppose -4*f = -4*h + 206868, -f + 51709 = h - 0*h. Is h a prime number?
True
Let s be 910 + (-2)/((30/9)/5). Suppose -337 = -f - d + 555, -4*d + s = f. Is f composite?
False
Let g = -21 + 26. Suppose -g*m = -1507 - 188. Is m composite?
True
Suppose -n = -3*i + 3 + 2, 4*i - 7 = n. Suppose i*c - 447 = 299. Is c a prime number?
True
Let i(n) be the first derivative of 1/4*n**4 + 4*n**2 - 2 - n**3 + 11*n. Is i(8) prime?
False
Let d(m) = -2*m - 5. Let n be d(5). Let o(k) = 3*k**2 + 16*k - 22. Is o(n) composite?
True
Let c = 8 - 4. Suppose c*o = o. Suppose o = 4*b - 0*b - f - 277, -4*b + 280 = -4*f. Is b prime?
False
Let c = 452 - -717. Is c composite?
True
Is ((-1)/2)/((-6)/149964) a prime number?
True
Suppose -4*u + 2759 = 3*c, -3205 = -5*c - 2*u + 1398. Is c a composite number?
True
Let u be (12/2 - 3)/1. Suppose -2*l + 8 = -w, u*w = -w - 8. Suppose -l*t + 0*t = -447. Is t a prime number?
True
Suppose 2*x = -z + 590, -4*z + 547 + 1765 = -4*x. Suppose -p = 91 - z. Is p composite?
False
Let r(l) be the first derivative of -l**3/3 + 5*l - 6. Let y be r(0). Suppose 4*s + y*g - 612 = 0, 0 = 2*g - 0*g + 8. Is s a composite number?
True
Suppose -4*d + d + 20 = -2*g, 24 = 5*d - g. Let f be 2492/12 + d/(-6). Let h = f - -128. Is h composite?
True
Is 2499864/18*(3 + (-27)/12) a prime number?
True
Let t(s) = 3539*s**2 + 4*s - 48. Is t(5) a composite number?
True
Suppose 13*a - 10*a + c = 13267, 3*a - 5*c - 13243 = 0. Is a a prime number?
True
Let n(u) = u + 1. Let v(h) = -10*h - 5. Let c(g) = -6*n(g) - v(g). Let s = -177 + 179. Is c(s) composite?
False
Is ((-28422)/(-81))/(2/9) prime?
True
Is 1705/22*5442/15 a prime number?
False
Let k = 3679 + -2022. Is k a composite number?
False
Let g(t) be the first derivative of 49*t**2/2 + 60*t + 3. Is g(19) prime?
True
Suppose -n - 4 = 3*h + 17, 0 = 3*n + 5*h + 43. Let k be (-2 - -10)/(-4) - n. Suppose -5*t = -k*t - 223. Is t a composite number?
False
Suppose -4*o + 2*f + 388850 = 0, 0 = -2*o + 6*f - 7*f + 194427. Is o prime?
True
Suppose 4*n - 14069 = 8295. Is n a prime number?
True
Let o(x) = 5*x - 37. Let c be o(16). Suppose 2*m = -5*u + 273, m - 3*u - c - 121 = 0. Is m prime?
True
Suppose 15 = 3*w - 0*w. Suppose -w*j = 221 - 966. Is j prime?
True
Suppose x + 2 - 5 = 0. Suppose -x = -v - 4. Is 216 - -1*(0 - v) prime?
False
Let o = 78402 - 51781. Is o prime?
False
Suppose 0 = -3*u - 3*w + 9359 + 4288, w = 4*u - 18186. Is u prime?
True
Let t be ((-8)/20)/((-2)/(-80)). Let j = t + -210. Let v = j + 387. Is v composite?
True
Let z = 29 + 22. Is 4/26 + z*1532/156 composite?
True
Let m = 69 + -47. Is (-8670)/(-110) + 4/m composite?
False
Suppose -2*u + b = -4*u + 742, -1126 = -3*u + 5*b. Let c = u + -209. Is c composite?
False
Let d = -5986 - -17945. Is d a composite number?
False
Let r(a) = -109*a**3 - a**2 - 5*a - 4. Let l be r(-3). Suppose 870 + l = 5*q. Is q prime?
False
Let r = 229039 - 128952. Is r composite?
True
Let b(l) = 26*l + 19. Let h(t) = -25*t - 20. Let i(p) = -7*b(p) - 6*h(p). Is i(-3) a composite number?
False
Let i(r) = -r**3 - 3*r**2 - r + 1. Let v be i(-3). Suppose 2318 = n + 3*p, v*n - 9312 = -0*n - 4*p. Is n a composite number?
False
Let k be -3 + 6/(18/15). Suppose -k*z = z - 9, p - z = 290. Is p composite?
False
Let p(y) = 2*y**2 + 27*y - 12. Let z be p(-14). Let i(s) = -s**3 + 5*s**3 + 0 - 1. Is i(z) a prime number?
True
Let t(y) = 61*y + 36991. Is t(0) a composite number?
True
Suppose 3*l = 12 - 33. Let m = l - -12. Suppose m*i = 56 + 429. Is i composite?
False
Let o(t) = -5 + 11*t**2 + 4*t + 0 + t**3 - 27*t**2 + 26*t**2. Is o(-8) composite?
True
Suppose -2*q = 3*q - 30. Let d = q + -11. Let t(z) = -4*z**3 - 4*z**2 - z - 8. Is t(d) a composite number?
False
Suppose 4*s - 235 = 3*h, 3*h - 4*h + 5*s = 60. Let l = 34 - h. Is l a prime number?
False
Let h(m) = -m + 13. Let t be h(8). Is 5*(2218/t - 1) prime?
True
Suppose -5*g + 5*t + 75 = 0, -3*t - 2*t = -4*g + 64. Let q(x) = x**3 - 10*x**2 - 12*x + 12. Let k be q(g). Let p(y) = 131*y**2. Is p(k) composite?
False
Suppose m - 11120 = -4*m. Suppose 11*p + 123 = m. Is p prime?
True
Let k(m) = -7*m + 167 + 9*m - 2*m**3 - 58. Is k(0) a composite number?
False
Suppose 5*z - 348087 = -24*z. Is z a prime number?
False
Let t(i) = -3*i + 315. Is t(-22) prime?
False
Let x be (-15)/10*80/(-12). Is (166/3)/(x/75) prime?
False
Let g be 262 + (-4 - (4 + (-3 - 5))). Suppose 0*m + 3*m = 135. Suppose g = p - m. Is p a prime number?
True
Let c be 21/14 - 3241/(-2). Suppose 0 = -5*o + 2*m + c, 1 + 4 = -5*m. Suppose 0 = 4*n - 632 - o. Is n a composite number?
False
Suppose 2*a = -5*q + a + 60, q - 4*a - 12 = 0. Suppose -q*n - 6*n = -33138. Is n prime?
False
Suppose 28*m = 17799 + 17453. Is m a composite number?
False
Let r(d) = d**3 - d**2 - 4*d - 15. Suppose 2*y + 0*y = 2. Suppose -y - 2 = -v, 5*p - 43 = -v. Is r(p) a prime number?
True
Let v(p) be the second derivative of p**3/6 - 6*p. Let i be v(0). Suppose 4*a = -i*a + 152. Is a a composite number?
True
Let l(v) = -v**3 + 5*v**2 + 7*v - 1. Let q be l(6). Suppose -g = 5*r - 509 + 5, 4*g + q*r = 1956. Suppose -771 = -5*t + g. Is t composite?
False
Let d be -2525*(35/(-25) + 4/10). Let x = -9 + 24. Suppose -20*f = -x*f - d. Is f prime?
False
Let t be (3 + -4)*(-2 - 2). Suppose 0 = -3*s - t*d + 14, 0 = 5*s + 3*d - 27. Is (s/(-4))/((-21)/5866) a prime number?
True
Let k(y) = -y**2 - 25*y + 29. Let o be k(-26). Suppose -a + o = -8. Is a composite?
False
Let i = 9 + -7. Let m(d) = -d**2 + 2*d. Let k be m(i). Suppose k = -3*h - 0*h + 1869. Is h prime?
False
Let u be (-1)/(-2) - (-54)/4. Let k be 1*(u - 1) - 0. Let g = k + -2. Is g prime?
True
Suppose 0*g + g + 5*w = 5634, -4*w + 11256 = 2*g. Let d = g + 3837. Is d prime?
True
Let b be (-5)/(7/(42/(-5))). Suppose -b*g = -g - 12355. Is g composite?
True
Is (-4232)/(-4) - (4 - -11)/5 composite?
True
Let u(c) = c - 25. Let k be u(7). Is 6*3/(k/(-79)) prime?
True
Suppose 2*s - 318 = 640. Is s a prime number?
True
Let k = -11 - -13. Suppose s = -3*a + 525, -4 = k*a - a. Let j = s + -220. Is j a prime number?
True
Suppose -2*i - 3*i + 4*o = -990, 4*i + 5*o = 751. Is i composite?
True
Is 34 + 2916 + -8 + -1 a composite number?
True
Let y(a) = -59*a + 218. Is y(-49) a composite number?
False
Let a = 46 + -50. Let o(m) = -96*m + 11. Is o(a) composite?
True
Suppose 11*b - 160790 = 3473. Is b a composite number?
True
Suppose l + 18211 = 5*z, 0 = -5*z - 4*l + 6*l + 18207. Let s = z - 2098. Suppose -2*w = -5*w + s. Is w a prime number?
False
Let h = 16860 + -7999. Is h a composite number?
False
Suppose 4*s - 2*s - 24 = -3*o, 0 = -2*o - 3*s + 21. Let c be (40/(-6))/(2/o). Let p = -17 - c. Is p a prime number?
True
Suppose 0 = -4*m - 8, 4*q + 0*q - m - 18 = 0. Let c(o) = -o**2 + 4*o - 6. Let x be c(q). Is 268/x*6/(-4) a prime number?
True
Suppose -4*s - 32 = -4*y - 8, -4*s = 3*y - 11. Let f(x) = 184*x - 1. Let h(w) = w. Let a(d) = s*f(d) - 2*h(d). Is a(-1) a prime number?
False
Let n(w) = w**3 + 6*w**2 - w - 7. Let v(l) = -l**3 - l**2 + 1. Let o(f) = -n(f) - 2*v(f). Let i be o(4). Let h = i + 17. Is h a prime number?
False
Let s = 14284 + -8343. Let l = s - 3992. Is 